 80) + -13
40
Calculate -74 + 0 + 1507 + -1480.
-47
Evaluate (-5 + 4 - 5) + -363 + 359.
-10
Evaluate -47 + -1 + -1 + ((4 - -23) + -30 - 0).
-52
Evaluate (14 - 2 - (6 + -4)) + (49 - (116 - 66)).
9
Calculate (-3 - -8 - -19 - 5) + 45.
64
Evaluate -88 - (7 - 6) - (-23 - 0 - (60 - 89)).
-95
What is (-6 - 0 - (46 - (-43 - -108))) + -30?
-17
What is (-25 - -20 - -19) + (4 - (8 + 6))?
4
What is -12 + (-4 - -6 - -36 - -2)?
28
Calculate 19277 - 19230 - (126 + 0).
-79
-8 - -76 - -4 - (-4 - -6 - -15)
55
Calculate 1 - (-13 + 2 + (49 - 21)).
-16
Evaluate 27 + (-14 - -4) + (86 - (-15 - -7)).
111
Evaluate (14 - 25 - ((0 - -3) + -4)) + -5 + 9.
-6
Evaluate -539 - 481 - -1025 - ((0 - 91) + -1).
97
Evaluate 13 - ((1 - 2) + 11 - (-74 - -154)).
83
Calculate 89 + 1 - (15056 + -15033).
67
What is (72 - 20) + -49 + (5 - 2) + 5 + -2?
9
51 - ((-13 + 8 - -11) + -18 - -7) - 11
45
140 + -98 + (-16 - 78)
-52
Calculate 26 - (143 + -2 + -241).
126
What is (-5 + 23 - -29) + -81?
-34
-53 + (-200 + 60 - -130)
-63
Evaluate -98 + (54 - (54 - 33)).
-65
Evaluate (-104 - (11 + 4 + -28)) + (-10 - 1 - 4).
-106
What is the value of 27 + 6 - (110 + -14)?
-63
Calculate (-36 + 129 - 84) + -17.
-8
Calculate -12 + (-24 - -9) + 43 + (1 - 7).
10
3887 - 3899 - (-2 - (-1 - -80)) - 10
59
What is the value of (-2 - 41) + -3435 + 3467?
-11
(9 + (-14 - -23) - (-43 + -6)) + -10
57
(-8 - -78) + 98 + -79
89
What is the value of -30 + -9 + -11 + 51 + 24?
25
-9 + (-3 - -5) - -22 - (-133 + 35 + -11)
124
74 + 15 + -48 + 24 - -37
102
What is the value of 70 - -3 - (-206 + 271)?
8
-24 - (6 + -2 + -17) - -59
48
Calculate (-1 - 47) + 166 + 197 + -408.
-93
What is 4 - (10 + 59) - (-14 + (-23 - -29))?
-57
Calculate (-60 - (-47 + 74)) + -18 + 18.
-87
What is the value of -37 + (-30 - 21) - (-18 + 6)?
-76
What is the value of (414 - 338) + (-1 - 5) + (1 - 2 - -14)?
83
Evaluate (85 - 176) + 175 + -134.
-50
Evaluate (48 - 69) + (6 - (77 + -4)) + 3.
-85
What is the value of 75 + 0 - ((1 - -6) + -20 + (-32 - -45))?
75
What is the value of -58 + 0 + -3 + (-140 - -293) + -146?
-54
69 + -18 + (-64 - -87)
74
57 - (54 + -80) - 52
31
Calculate 8 + -10 + (-4 - -5) - -4 - (-4 + -37).
44
What is the value of -64 + -1 + (-4 - (11 - -10)) + 19?
-71
Calculate 9 - (-11 + (-95 - (0 + -3 - (-10 - -4)))).
118
Calculate (12 + 0 - -10) + 1 + -2 + (1 - 10).
12
What is (16 - -6) + -2 + -20 - (3 - (8 - -3))?
8
What is the value of 2 - (1 - ((-31 - 5) + 15))?
-20
What is the value of 597 + -598 - (-29 - (-3 - (1 - 6) - 0))?
30
Calculate 8 + -10 + (138 - 122 - (9 + -2)).
7
Calculate 79 + (-134 - -80) + (2 - -15).
42
What is 24 + -12 + -22 - -48?
38
(-135 - -114 - (9 - 42)) + (-3 - 0) + 59
68
What is the value of 30 + (-28 - -24 - -30) + -15?
41
Evaluate -84 - -44 - 11 - (2 + -2 + 5).
-56
What is (0 - -3) + (-50 + 142 - 147)?
-52
Evaluate 744 + -700 - ((-2 - -3) + -11).
54
Evaluate ((-19 - -19) + 16 - 19 - (4 - 0)) + -105.
-112
Evaluate -14 + 4 + 37 + (-147 - -143).
23
Evaluate 99 + -95 + 30 - (0 - -21).
13
What is the value of (7 - -4) + (-10 + (15 - 6) - (11 - 4))?
3
Evaluate 55 - (-74 + 101 + -57).
85
What is 66 - (157 - (71 - 23))?
-43
What is 5 - (-17 - (-9 - -20))?
33
Calculate 28 + -68 + 62 - -2.
24
What is -1 + 116 + -1 + 0 - (282 + -536 + 267)?
101
Calculate (1 - -2) + 3 + -4 + -3 - (3294 - 3315).
20
What is the value of -4 - 2 - ((-2 - 6) + -7 + -8)?
17
What is the value of -8 + 25 - (83 - (-2 - 15) - -11)?
-94
What is the value of 59 - (-58 + 0 - -151)?
-34
What is (10 + -16 - -21 - 9) + 29?
35
79 - (93 - (-50 + 63))
-1
Evaluate 28 + (1 - (-9 + (23 - 10)) - -5).
30
Evaluate -96 - (12 - (10 + 3)) - (-10 - -2 - -1).
-88
What is -3 + (12 - -19) - (84 + 7)?
-63
What is 10 + -17 - -17 - ((-3 - 35) + 5)?
43
What is the value of 5 + 10 + -1 + (-5 - (-7 - -2 - -4))?
10
What is the value of 11 + (2 - (0 - -13)) + (27 + -44 - 120)?
-137
81 + -2 - ((33 - 104) + 41 + 38)
71
Evaluate -15 + 16 + (-4 - -10) + -4 - (39 + -1).
-35
(-42 - (3 + 2 + -12)) + 1 + 1
-33
Calculate 13 - (0 + 3) - (-15 - (123 - 59)).
89
0 - -37 - (14 + -47) - 16
54
Evaluate -73 - ((4 - (-2 - 4) - (145 - 138)) + 0).
-76
Calculate -20 + 34 + (-19 - (-11 + 7)).
-1
What is -27 - (-44 - (33 - 20)) - 86?
-56
Calculate 1 + -14 + (1069 - 1091) - -81.
46
What is the value of 39 - (16 - (-18 + 23))?
28
What is the value of -9 - (87 + -87 + -3 + -98)?
92
Evaluate -61 + -2 + -5 + (12 - (13 + -3 + -5)).
-61
What is 11 - (-22 - (-1 + 17 + (-14 - -12)))?
47
What is the value of -10 + (37 - 73) - 1?
-47
Calculate -10 + 26 + (-3 - 5) + 33.
41
(8 - (47 + -37)) + 16 + (0 - 0)
14
Evaluate 80 + (-84 - -29) + -17.
8
What is the value of 44 + 153 + -30 + -94?
73
Evaluate 75 + (4 + -12 + -16 - -11).
62
Evaluate 58 + -5 + -31 + -67.
-45
-2051 + 2006 - (1 + -40)
-6
Calculate -61 + 66 + 68 - 60.
13
Calculate -60 + -96 + 2 + 222.
68
0 + 8 + 1 + 82 + -2 + (-8 - -13)
94
What is the value of -4 + (16 - 24) + (11 + -8 - -82)?
73
What is the value of -2 + (-3 + 27 - 0) + 5042 + -5040?
24
-272 + 247 - (7 - (-9 + 4 - 0))
-37
Calculate -32 - (-45 - -27 - (-2 + -2)).
-18
-37 - (4 + 8 - 19)
-30
What is -96 + 106 - (7 - (-1 - (7 - -14)))?
-19
-33 - (12 - (17 - (13 - 1))) - -10
-30
What is -4 + (28 - 1 - (13 + 4))?
6
What is 3 - ((47 - 60) + -14)?
30
What is (-152 + 167 - (-1 - -2 - -3)) + (21 - 78)?
-46
(-2 - -5 - 87) + 2 + 62 + 29 + -81
-72
What is -2 + 4 - (-15 + (-4 - (-29 + 16)))?
8
108 + -53 - ((5 - -1) + 7)
42
Evaluate 9 + 2 + (-20 - -16 - (165 - 8)).
-150
Calculate 0 - (4 - (11 - 3 - 3)).
1
Evaluate 0 + 3 + -21 + 28 - (-23 - 0).
33
What is the value of -4 + 8 - (2 - -45) - (15 - (-5 + 14))?
-49
Calculate -3 + 8 + 5 - (17 + 14 + -17 + 9).
-13
Evaluate 1897 - 1886 - ((2 - 0) + (71 - 2)).
-60
What is 8 + -131 - (41 - 102)?
-62
Evaluate -62 - (48 + -80) - (-2 + -120).
92
Calculate -38 - (-2 + -17 + (13 - 6)).
-26
What is the value of (283 - 288) + (-2 - 10) + 90?
73
Evaluate 32 + -1 - (-2758 + 2843).
-54
What is 74 - (-25 + -3 + (37 - 31) + 8)?
88
-1 + (0 - -68) - (-56 - (-89 + 32))
66
(2 + -4 - (-5 - -5)) + (65 - 53)
10
Calculate (-5 - ((-5 - -4) + 0 - (-12 + 10))) + -61.
-67
What is the value of -24 + (59 - 13 - 23) - -42?
41
-20 - (-5 + (4 + -1 - -18))
-36
(-54 - (10 + -9 - 2)) + 13 + 0
-40
What is -23 + 55 + -10 - -29 - 5?
46
What is the value of -16 + -7 - (39 - 91)?
29
Calculate 12 + (-95 - ((22 - (38 + -19)) + -15)).
-71
What is 217 + -200 + (-7 - -2) + -94 + (1 - 1)?
-82
(38 - -46 - 41) + -50
-7
39 + (-21 - (-41 + 19))
40
Evaluate 12 + 21 + 8 + -54.
-13
What is 17 - (51 + -68 - (-19 + -4))?
11
What is the value of -105 + 71 + -19 + 23?
-30
15947 + -15906 + (-2 + 7 + 1 - -2)
49
Evaluate -47 + 109 + (4 - 52).
14
Calculate 3 - ((-13 - (46 - 24 - -72)) + -13 + -3).
126
13 + (-8 - -2 - 3 - ((7 - -8) + -63))
52
What is the value of (-100 - 3) + 134 + 23 + -130?
-76
What is the value of 46 + (4 - (4 + 140)) + (-17 - 1)?
-112
What is the value of 2 + -47 + (-156 - (-14 - 109))?
-78
Evaluate -95 + 0 + 16 + 3 + 868 + -895.
-103
What is the value of -44 + 16 + 2 + 16 - -15?
5
What is the value of -19 + 24 + -17 + 1 + 62 + -114?
-63
What is 1 - (91 - -1) - (-10 - (-35 + 30) - 6)?
-80
Calculate 8 + -1 + 22 + -43 + 27.
13
Calculate -20 + -47 - -109 - -3.
45
-116 + (272 - 122) - (21 - 2 - 0)
15
Calculate (180 - 26 - -67) + -104.
117
(-32 + 4 + -7 - -33) + -1 - (-121 - 0)
118
Evaluate 1 - (-85 - (2 + -21)).
67
(-28 - -1) + (531 - 532)
-28
What is -94 + 39 + 24 - -60?
29
17 - (-48 + 23 - -31)
11
What is -91 + 13 + (-69 - -46) + 21?
-80
What is (-18 - -10) + -1 + -3 - -11?
-1
Calculate -4101 + 4006 + (-3 - -145).
47
What is the value of 52 - ((28 - 9) + 21)?
12
What is the value of 7 + (10 - 12) + 9 - 11 - -94?
97
63 - (90 + 66) - -142
49
What is the value of 47 + ((71 - 21) + -31 - -5)?
71
Evaluate -5 + 4 + 0 + 5 + 91 + -1199 + 1193.
89
19 + 16 - (0 - (9 + -8))
36
What is 108 + -8 + 3 - (4 + 3 + 8)?
88
Calculate (-11 + 0 - (-36 + (-1 + 50 - 23))) + -1.
-2
What is the value of -44 + 8 - (-40 + 67 + 0)?
-63
What is (136 + 20 - 161) + (-126 - -1)?
-130
(-46 - 0) + (184 - 134)
4
(-36 - -39) + (8 - (1 + 28))
-18
(104 - 1) + (22886 - 22901)
88
Calculate -1 + ((-13 - -32 - 185) + 37 - (0 + 7)).
-137
-21 + 17 + (8 - 2) + 10 + -1
11
-10 + -44 + 75 + -72
-51
What is -11 + (111 - -101) + -84?
117
Evaluate -35 + (-10 + 19 +